mber?
False
Is 181877909 composite?
False
Is 23671181 a prime number?
True
Is 2417153 a composite number?
False
Is 15056837 a composite number?
True
Is 1000333 composite?
False
Is 24798759 composite?
True
Is 73442459 a prime number?
True
Is 24503987 composite?
True
Is 18571523 a composite number?
True
Is 1873934 a composite number?
True
Is 97487137 a prime number?
False
Is 351086 prime?
False
Is 167802301 composite?
False
Is 49124209 composite?
False
Is 47288737 a prime number?
False
Is 255525829 composite?
True
Is 5415617 a prime number?
True
Is 517135379 prime?
True
Is 718046663 prime?
False
Is 2336177 prime?
True
Is 21458441 prime?
False
Is 15150067 a composite number?
True
Is 5689669 a prime number?
False
Is 23697929 a composite number?
False
Is 12788327 a prime number?
True
Is 133373113 a prime number?
False
Is 23529487 a prime number?
True
Is 830519 a composite number?
True
Is 89403109 a prime number?
True
Is 242775191 prime?
True
Is 76508897 a prime number?
True
Is 201879133 a composite number?
True
Is 33509129 a prime number?
True
Is 1212671 prime?
True
Is 958735 composite?
True
Is 70236989 composite?
True
Is 57040091 a composite number?
False
Is 13046197 a prime number?
True
Is 882061 a composite number?
False
Is 690366181 a prime number?
False
Is 2077987 a prime number?
True
Is 3308359 prime?
True
Is 19583083 prime?
False
Is 18965867 a prime number?
False
Is 1966001 a prime number?
False
Is 2299723 prime?
False
Is 93012611 a prime number?
True
Is 194508413 composite?
True
Is 127241437 a composite number?
False
Is 5524133 composite?
True
Is 198591889 composite?
False
Is 33440101 a prime number?
True
Is 8498663 a composite number?
False
Is 1297841 a composite number?
False
Is 10658101 a composite number?
False
Is 83307461 prime?
False
Is 451252649 prime?
True
Is 332094911 a composite number?
False
Is 6760771 a composite number?
False
Is 27703441 a composite number?
True
Is 12000217 prime?
False
Is 843129053 prime?
False
Is 70663471 prime?
False
Is 37762673 composite?
True
Is 40460609 a prime number?
False
Is 459761351 a composite number?
True
Is 2271487 composite?
True
Is 1647031 a composite number?
False
Is 17508551 composite?
False
Is 214663961 prime?
True
Is 6671699 a prime number?
False
Is 15895819 a composite number?
False
Is 238549229 a prime number?
True
Is 1532815 prime?
False
Is 585313 composite?
False
Is 32415154 a composite number?
True
Is 1047329957 a prime number?
True
Is 1112465 composite?
True
Is 1647389 prime?
True
Is 2047699 a prime number?
True
Is 155677 composite?
True
Is 40140761 prime?
True
Is 4444163 a prime number?
False
Is 16441721 a composite number?
False
Is 40705073 prime?
True
Is 39089733 composite?
True
Is 1698889 composite?
True
Is 59531011 prime?
True
Is 2961557 a prime number?
True
Is 5970359 a composite number?
False
Is 56329151 composite?
False
Is 7803611 prime?
True
Is 7555381 prime?
False
Is 15788957 prime?
False
Is 14319007 composite?
False
Is 251635079 composite?
False
Is 3045239 composite?
True
Is 31114249 prime?
True
Is 24985711 composite?
False
Is 56341943 a composite number?
True
Is 3468461 prime?
True
Is 553382683 composite?
True
Is 19006837 a prime number?
False
Is 54251969 a prime number?
True
Is 334851709 prime?
True
Is 92879 composite?
True
Is 777505 a prime number?
False
Is 4675163 a composite number?
False
Is 36205061 a composite number?
True
Is 173524291 a prime number?
False
Is 201240899 a prime number?
True
Is 41207657 a composite number?
False
Is 201477541 a composite number?
True
Is 436727761 composite?
True
Is 1295839 prime?
True
Is 1589803 composite?
False
Is 1514321 composite?
False
Is 280550401 prime?
True
Is 2538409 a composite number?
True
Is 22518179 a prime number?
True
Is 467402671 a composite number?
False
Is 117317821 composite?
False
Is 11964977 prime?
False
Is 5231927 a composite number?
True
Is 10931797 a composite number?
False
Is 1205231 a composite number?
False
Is 32363029 composite?
True
Is 428922539 a prime number?
True
Is 1909407 a composite number?
True
Is 95879921 composite?
False
Is 30616741 a prime number?
False
Is 17759849 composite?
True
Is 1705721 a prime number?
True
Is 146805667 a prime number?
False
Is 3657187 prime?
True
Is 80745794 a prime number?
False
Is 6306959 a prime number?
False
Is 4611331 composite?
True
Is 808364147 prime?
False
Is 185913269 prime?
True
Is 7345582 a composite number?
True
Is 404967 a prime number?
False
Is 304587329 prime?
True
Is 75035113 prime?
False
Is 803022287 prime?
True
Is 1208927 a prime number?
True
Is 17775943 composite?
False
Is 14890481 prime?
False
Is 52899391 a composite number?
True
Is 8529683 a prime number?
False
Is 1817789 a prime number?
False
Is 514711 prime?
True
Is 171007 a composite number?
False
Is 1221049 composite?
False
Is 1671881 a prime number?
False
Is 16239407 prime?
True
Is 478542763 a composite number?
False
Is 6836015 composite?
True
Is 41703113 composite?
True
Is 9458177 composite?
True
Is 11894821 a prime number?
False
Is 33129871 a prime number?
True
Is 186250061 a composite number?
False
Is 3382733 a composite number?
False
Is 1878119 a composite number?
False
Is 2476273 a composite number?
False
Is 53051707 prime?
True
Is 1945689 a prime number?
False
Is 101877823 a composite number?
False
Is 636429959 composite?
True
Is 246518 composite?
True
Is 9234697 a prime number?
True
Is 45741389 composite?
True
Is 18648199 prime?
True
Is 6590027 a composite number?
False
Is 156960323 prime?
False
Is 1085891 a composite number?
False
Is 143503849 a composite number?
False
Is 1402061 a prime number?
True
Is 80524979 a composite number?
False
Is 32823617 a composite number?
True
Is 6900757 a composite number?
True
Is 406347 prime?
False
Is 179747845 a prime number?
False
Is 1588273 a composite number?
False
Is 150470309 composite?
True
Is 27241567 prime?
False
Is 137829571 prime?
False
Is 216642653 a prime number?
False
Is 755026 composite?
True
Is 9994486 prime?
False
Is 19981183 prime?
True
Is 5830589 composite?
False
Is 26346713 prime?
True
Is 1937917 prime?
True
Is 314225771 prime?
True
Is 641904007 prime?
True
Is 39211357 prime?
True
Is 102928717 composite?
False
Is 357544999 a prime number?
False
Is 1690883 prime?
True
Is 10086931 a composite number?
False
Is 819563 prime?
True
Is 46973161 a composite number?
False
Is 100427111 a composite number?
True
Is 206726101 prime?
False
Is 1485947 composite?
False
Is 9064573 a prime number?
False
Is 28183453 a composite number?
True
Is 207028649 a composite number?
False
Is 7704857 a prime number?
False
Is 11174441 a prime number?
False
Is 1977067 a prime number?
True
Is 35962907 prime?
False
Is 66693293 a composite number?
False
Is 32369439 composite?
True
Is 187263703 composite?
True
Is 11744741 prime?
False
Is 2529391 a composite number?
False
Is 23363 prime?
False
Is 16887877 prime?
True
Is 8464307 prime?
True
Is 1337450721 composite?
True
Is 193164637 a prime number?
True
Is 105182549 composite?
False
Is 167668421 a prime number?
True
Is 12887747 prime?
False
Is 2020045 a composite number?
True
Is 6673981 composite?
False
Is 1708996121 prime?
False
Is 404941 a prime number?
True
Is 10746467 composite?
False
Is 75142489 composite?
False
Is 114867085 composite?
True
Is 3919339 a prime number?
False
Is 10568759 a prime number?
True
Is 24427957 a composite number?
False
Is 8900641 a prime number?
True
Is 40835471 composite?
True
Is 23222779 a prime number?
False
Is 192445343 composite?
True
Is 234610067 composite?
False
Is 59605971 composite?
True
Is 496804813 a prime number?
False
Is 3208559 composite?
False
Is 1068119 prime?
False
Is 4915961 prime?
True
Is 1488902 prime?
False
Is 689693 prime?
True
Is 508206383 a composite number?
False
Is 70782433 composite?
True
Is 31249921 a prime number?
False
Is 1369398269 composite?
False
Is 169292593 prime?
False
Is 111612143 a prime number?
True
Is 24399719 prime?
True
Is 355766366 a prime number?
False
Is 1379154773 composite?
True
Is 6813817 a composite number?
False
Is 805029 a prime number?
False
Is 16127461 composite?
True
Is 99395495 composite?
True
Is 49971931 a composite number?
True
Is 26486099 a composite number?
False
Is 925513 a prime number?
True
Is 41503723 a composite number?
False
Is 95